mon divisor of 12153195 and 45?
45
Calculate the greatest common factor of 30 and 30405.
15
Calculate the highest common divisor of 1126178 and 278.
278
Calculate the greatest common divisor of 3437 and 20131.
491
Calculate the highest common factor of 608 and 60971.
19
Calculate the highest common divisor of 4056 and 87672.
312
Calculate the greatest common divisor of 64 and 70592.
64
Calculate the greatest common divisor of 279 and 21018.
93
Calculate the highest common factor of 30179 and 1465.
293
Calculate the highest common divisor of 354 and 574070.
118
What is the greatest common factor of 16 and 48344?
8
What is the highest common divisor of 54 and 9180?
54
Calculate the highest common divisor of 410 and 301350.
410
Calculate the greatest common factor of 98424 and 384.
24
What is the greatest common divisor of 1742 and 7839?
871
What is the greatest common factor of 4436 and 4?
4
Calculate the greatest common factor of 3 and 114831.
3
Calculate the highest common factor of 2160 and 460.
20
Calculate the highest common divisor of 152446 and 16.
2
Calculate the greatest common factor of 157827 and 15.
3
What is the highest common divisor of 2506 and 70?
14
What is the highest common factor of 173410 and 80?
10
Calculate the highest common divisor of 43558 and 1566.
58
What is the highest common factor of 6392 and 170187?
799
What is the greatest common divisor of 85545 and 40?
5
What is the greatest common factor of 475 and 14825?
25
Calculate the highest common divisor of 790 and 245.
5
Calculate the highest common divisor of 4442 and 34.
2
Calculate the highest common divisor of 17914 and 424.
106
What is the greatest common divisor of 175 and 418775?
175
Calculate the highest common factor of 767493 and 318.
159
What is the greatest common factor of 5202 and 450?
18
What is the greatest common divisor of 6270 and 870?
30
Calculate the highest common divisor of 7391733 and 93.
93
What is the greatest common factor of 1106672 and 1446?
482
Calculate the greatest common factor of 245 and 4032.
7
Calculate the highest common factor of 143525 and 25.
25
Calculate the greatest common factor of 2368 and 5402.
74
What is the highest common factor of 188 and 803324?
188
What is the greatest common factor of 324280 and 9045?
335
What is the greatest common factor of 77024 and 17052?
116
Calculate the highest common divisor of 595 and 296905.
595
Calculate the highest common divisor of 2238 and 503923.
373
What is the greatest common factor of 5730 and 90?
30
What is the highest common divisor of 3370 and 310?
10
Calculate the greatest common divisor of 1564 and 437.
23
Calculate the greatest common factor of 4275 and 1625.
25
What is the greatest common divisor of 6332680 and 4960?
1240
Calculate the greatest common divisor of 106959 and 303.
303
What is the highest common divisor of 289 and 6154?
17
Calculate the highest common factor of 11729 and 45331.
317
What is the greatest common factor of 194 and 219026?
194
Calculate the greatest common divisor of 87 and 83607.
87
What is the greatest common divisor of 253170 and 18705?
435
Calculate the greatest common divisor of 366905 and 385.
385
What is the highest common factor of 5187 and 7980?
399
What is the highest common divisor of 69 and 10603?
23
What is the greatest common factor of 48 and 10164?
12
Calculate the greatest common factor of 1167387 and 1618.
809
What is the greatest common factor of 2916540 and 72?
36
What is the highest common divisor of 15 and 1159835?
5
What is the greatest common factor of 42333 and 51375?
411
What is the greatest common factor of 72790 and 580?
290
Calculate the highest common factor of 1715 and 1526693.
343
What is the greatest common divisor of 745596 and 36?
36
Calculate the highest common factor of 5752608 and 48.
48
Calculate the greatest common divisor of 222 and 112887.
111
What is the highest common divisor of 3910 and 306?
34
Calculate the highest common factor of 10550 and 200.
50
What is the greatest common divisor of 12992 and 2268?
28
What is the highest common factor of 192 and 7180224?
192
Calculate the greatest common factor of 1606 and 1584.
22
Calculate the highest common divisor of 270 and 666090.
270
Calculate the greatest common divisor of 15546 and 18.
6
Calculate the greatest common divisor of 138082 and 4214.
98
Calculate the highest common divisor of 1315103 and 68.
17
Calculate the highest common factor of 19 and 870523.
19
Calculate the greatest common factor of 1023813 and 189.
189
Calculate the greatest common divisor of 11687 and 248.
31
Calculate the highest common factor of 184 and 1236204.
92
Calculate the greatest common factor of 9873 and 225.
9
What is the highest common factor of 2138019 and 507?
507
What is the greatest common divisor of 1092720 and 290?
290
Calculate the greatest common factor of 1538 and 68.
2
Calculate the greatest common factor of 8 and 119568.
8
What is the greatest common factor of 18280 and 1840?
40
What is the greatest common factor of 37184 and 896?
448
Calculate the highest common divisor of 164 and 40262.
82
Calculate the greatest common divisor of 130135 and 3060.
85
What is the highest common divisor of 334 and 1284898?
334
Calculate the greatest common divisor of 4285735 and 19.
19
Calculate the greatest common factor of 965 and 17177.
193
What is the highest common factor of 7723704 and 3?
3
What is the greatest common factor of 208904 and 24?
8
What is the greatest common factor of 13442 and 12727?
143
Calculate the greatest common factor of 2844 and 300.
12
What is the greatest common factor of 745 and 1551835?
745
Calculate the greatest common divisor of 30 and 2423640.
30
Calculate the greatest common divisor of 8595 and 573.
573
Calculate the highest common factor of 412 and 167.
1
What is the highest common factor of 225 and 105150?
75
What is the greatest common factor of 36982 and 634106?
902
Calculate the highest common divisor of 176352 and 22.
22
What is the greatest common factor of 6500 and 41860?
260
Calculate the highest common divisor of 8 and 267818.
2
Calculate the highest common divisor of 95557 and 91469.
511
What is the greatest common divisor of 779 and 62719?
19
What is the greatest common factor of 6017 and 2376?
11
What is the greatest common factor of 1464 and 38328?
24
What is the greatest common factor of 119 and 11101?
17
What is the greatest common divisor of 49920 and 36?
12
What is the greatest common divisor of 1001 and 54691?
91
Calculate the greatest common factor of 656568 and 829.
829
What is the highest common factor of 76698 and 72?
18
Calculate the greatest common factor of 11696 and 976.
16
Calculate the greatest common factor of 19000 and 836.
76
What is the highest common factor of 1374 and 734861?
229
What is the highest common divisor of 4608 and 193248?
288
What is the greatest common divisor of 940676 and 88?
44
What is the greatest common factor of 364 and 113932?
364
What is the greatest common factor of 1998306 and 513?
171
Calculate the greatest common factor of 186 and 71114.
62
Calculate the highest common divisor of 4114 and 104302.
242
Calculate the highest common divisor of 2093 and 705985.
161
What is the greatest common factor of 40 and 158540?
20
What is the greatest common factor of 103200 and 10000?
400
Calculate the greatest common factor of 54 and 1038.
6
What is the greatest common factor of 82518 and 918?
102
Calculate the greatest common factor of 46527 and 975.
39
What is the highest common factor of 6422 and 156832?
338
What is the highest common factor of 334026 and 126?
126
What is the highest common factor of 176640 and 3328?
256
Calculate the greatest common divisor of 369311 and 69.
23
What is the greatest common divisor of 2725460 and 10?
10
Calculate the greatest common divisor of 7271 and 133522.
661
What is the highest common divisor of 14 and 92456?
14
What is the highest common divisor of 3890460 and 590?
590
What is the greatest common divisor of 3211 and 612807?
247
Calculate the highest common factor of 4737 and 1014.
3
What is the greatest common divisor of 317898 and 26071?
841
What is the greatest common factor of 1118 and 60814?
26
Calculate the greatest common factor of 29124 and 168.
12
Wha